ded by 3324.
21
Calculate the remainder when 6519 is divided by 6279.
240
Calculate the remainder when 1998 is divided by 550.
348
Calculate the remainder when 2291 is divided by 355.
161
Calculate the remainder when 8777 is divided by 16.
9
Calculate the remainder when 46995 is divided by 28.
11
What is the remainder when 808 is divided by 586?
222
Calculate the remainder when 1646 is divided by 1630.
16
Calculate the remainder when 57447 is divided by 122.
107
Calculate the remainder when 2291 is divided by 722.
125
What is the remainder when 191159 is divided by 472?
471
Calculate the remainder when 973569 is divided by 31405.
14
What is the remainder when 1150 is divided by 108?
70
What is the remainder when 29723 is divided by 145?
143
What is the remainder when 31175 is divided by 945?
935
What is the remainder when 18457 is divided by 160?
57
What is the remainder when 119952 is divided by 369?
27
Calculate the remainder when 5863 is divided by 4.
3
What is the remainder when 23569 is divided by 5874?
73
What is the remainder when 45150 is divided by 22570?
10
What is the remainder when 8573 is divided by 150?
23
Calculate the remainder when 14585 is divided by 14580.
5
What is the remainder when 1355 is divided by 256?
75
Calculate the remainder when 63045 is divided by 150.
45
What is the remainder when 64278 is divided by 1429?
1402
What is the remainder when 2886 is divided by 55?
26
Calculate the remainder when 246963 is divided by 68.
55
Calculate the remainder when 209103 is divided by 17425.
3
Calculate the remainder when 80811 is divided by 3108.
3
What is the remainder when 3415421 is divided by 4?
1
Calculate the remainder when 20698 is divided by 207.
205
Calculate the remainder when 3397873 is divided by 123.
121
Calculate the remainder when 63650 is divided by 293.
69
Calculate the remainder when 128119 is divided by 860.
839
Calculate the remainder when 84520 is divided by 608.
8
What is the remainder when 6152 is divided by 44?
36
What is the remainder when 7743 is divided by 117?
21
Calculate the remainder when 99092 is divided by 33022.
26
Calculate the remainder when 1308 is divided by 76.
16
What is the remainder when 3202079 is divided by 1120?
1119
Calculate the remainder when 4315 is divided by 1448.
1419
What is the remainder when 182558 is divided by 8?
6
Calculate the remainder when 25834 is divided by 1075.
34
Calculate the remainder when 5984 is divided by 213.
20
Calculate the remainder when 40115 is divided by 692.
671
What is the remainder when 6190 is divided by 2032?
94
What is the remainder when 16058 is divided by 141?
125
What is the remainder when 2022632 is divided by 1194?
1190
What is the remainder when 2476 is divided by 40?
36
What is the remainder when 209132 is divided by 104540?
52
What is the remainder when 1403 is divided by 330?
83
What is the remainder when 19103 is divided by 4?
3
What is the remainder when 4029 is divided by 139?
137
Calculate the remainder when 17536 is divided by 634.
418
What is the remainder when 60513 is divided by 7?
5
What is the remainder when 702 is divided by 191?
129
Calculate the remainder when 1260 is divided by 367.
159
Calculate the remainder when 55951 is divided by 19.
15
What is the remainder when 21453 is divided by 288?
141
What is the remainder when 21836 is divided by 39?
35
What is the remainder when 20144 is divided by 155?
149
What is the remainder when 19594 is divided by 2769?
211
Calculate the remainder when 12657 is divided by 195.
177
What is the remainder when 38 is divided by 32?
6
Calculate the remainder when 1103285 is divided by 120.
5
Calculate the remainder when 128049 is divided by 42575.
324
What is the remainder when 5500 is divided by 38?
28
Calculate the remainder when 607999 is divided by 20.
19
Calculate the remainder when 2419 is divided by 14.
11
Calculate the remainder when 1057 is divided by 111.
58
Calculate the remainder when 136023 is divided by 49.
48
Calculate the remainder when 2489 is divided by 496.
9
What is the remainder when 127520 is divided by 63760?
0
Calculate the remainder when 38748 is divided by 531.
516
Calculate the remainder when 227822 is divided by 227.
141
Calculate the remainder when 4283 is divided by 58.
49
Calculate the remainder when 16824 is divided by 83.
58
Calculate the remainder when 6166 is divided by 131.
9
Calculate the remainder when 16129 is divided by 688.
305
What is the remainder when 36409 is divided by 331?
330
Calculate the remainder when 12092 is divided by 28.
24
What is the remainder when 1096 is divided by 235?
156
Calculate the remainder when 2842 is divided by 875.
217
Calculate the remainder when 34219 is divided by 145.
144
Calculate the remainder when 16470 is divided by 78.
12
Calculate the remainder when 22693 is divided by 2063.
0
Calculate the remainder when 166556 is divided by 93.
86
Calculate the remainder when 36419 is divided by 66.
53
Calculate the remainder when 38474 is divided by 292.
222
Calculate the remainder when 1152160 is divided by 1712.
1696
Calculate the remainder when 45942 is divided by 3827.
18
What is the remainder when 2238 is divided by 221?
28
What is the remainder when 249 is divided by 184?
65
What is the remainder when 24722 is divided by 562?
556
What is the remainder when 13499 is divided by 50?
49
Calculate the remainder when 987 is divided by 156.
51
What is the remainder when 17216 is divided by 7937?
1342
What is the remainder when 87964 is divided by 365?
364
Calculate the remainder when 1426 is divided by 219.
112
Calculate the remainder when 46472 is divided by 135.
32
What is the remainder when 102763 is divided by 574?
17
Calculate the remainder when 233750 is divided by 13750.
0
Calculate the remainder when 4546 is divided by 2120.
306
Calculate the remainder when 1261 is divided by 583.
95
What is the remainder when 1811 is divided by 544?
179
What is the remainder when 79243 is divided by 81?
25
What is the remainder when 412671 is divided by 416?
415
What is the remainder when 13811171 is divided by 221?
218
Calculate the remainder when 52225 is divided by 13052.
17
Calculate the remainder when 2920 is divided by 23.
22
Calculate the remainder when 4923 is divided by 2387.
149
Calculate the remainder when 6196 is divided by 113.
94
Calculate the remainder when 127187 is divided by 161.
158
Calculate the remainder when 328988 is divided by 596.
592
Calculate the remainder when 1786 is divided by 33.
4
What is the remainder when 50127 is divided by 13?
12
Calculate the remainder when 1309047 is divided by 104.
103
Calculate the remainder when 27560 is divided by 102.
20
What is the remainder when 5618 is divided by 279?
38
What is the remainder when 18447 is divided by 460?
47
What is the remainder when 13614 is divided by 98?
90
Calculate the remainder when 1622 is divided by 504.
110
Calculate the remainder when 19354 is divided by 248.
10
What is the remainder when 67355 is divided by 1271?
1263
What is the remainder when 2992926 is divided by 10?
6
What is the remainder when 444134 is divided by 31721?
40
Calculate the remainder when 15232 is divided by 1085.
42
What is the remainder when 22436 is divided by 13?
11
What is the remainder when 11503 is divided by 48?
31
Calculate the remainder when 74376 is divided by 3233.
17
What is the remainder when 15334 is divided by 2152?
270
What is the remainder when 5608 is divided by 1115?
33
Calculate the remainder when 79811 is divided by 614.
605
Calculate the remainder when 139443 is divided by 16.
3
What is the remainder when 169966 is divided by 8?
6
What is the remainder when 160267 is divided by 412?
411
What is the remainder when 29179 is divided by 14583?
13
What is the remainder when 210149 is divided by 15?
14
What is the remainder when 13570 is divided by 36?
34
Calculate the remainder when 34331 is divided by 1512.
1067
Calculate the remainder when 7405 is divided by 2467.
4
Calculate the remainder when 7385 is divided by 1183.
287
Calculate the remainder when 1910789 is divided by 1976.
1973
What is the remainder when 70494 is divided by 17599?
98
Calculate the remainder when 91492 is divided by 17.
15
What is the remainder when 378953 is divided by 189464?
25